[INFO] cloning repository https://github.com/eedahl/wr-stats-rust
[INFO] running `Command { std: "git" "-c" "credential.helper=" "-c" "credential.helper=/workspace/cargo-home/bin/git-credential-null" "clone" "--bare" "https://github.com/eedahl/wr-stats-rust" "/workspace/cache/git-repos/https%3A%2F%2Fgithub.com%2Feedahl%2Fwr-stats-rust", kill_on_drop: false }`
[INFO] [stderr] Cloning into bare repository '/workspace/cache/git-repos/https%3A%2F%2Fgithub.com%2Feedahl%2Fwr-stats-rust'...
[INFO] running `Command { std: "git" "rev-parse" "HEAD", kill_on_drop: false }`
[INFO] [stdout] 05a3913b9208fc10a48e94ae3534d01882d0d63d
[INFO] checking eedahl/wr-stats-rust against master#af3c6e733a40e671550e0f0f5aeecaa13772ba56 for pr-74989
[INFO] running `Command { std: "git" "clone" "/workspace/cache/git-repos/https%3A%2F%2Fgithub.com%2Feedahl%2Fwr-stats-rust" "/workspace/builds/worker-5/source", kill_on_drop: false }`
[INFO] [stderr] Cloning into '/workspace/builds/worker-5/source'...
[INFO] [stderr] done.
[INFO] validating manifest of git repo https://github.com/eedahl/wr-stats-rust on toolchain af3c6e733a40e671550e0f0f5aeecaa13772ba56
[INFO] running `Command { std: "/workspace/cargo-home/bin/cargo" "+af3c6e733a40e671550e0f0f5aeecaa13772ba56" "read-manifest" "--manifest-path" "Cargo.toml", kill_on_drop: false }`
[INFO] started tweaking git repo https://github.com/eedahl/wr-stats-rust
[INFO] finished tweaking git repo https://github.com/eedahl/wr-stats-rust
[INFO] tweaked toml for git repo https://github.com/eedahl/wr-stats-rust written to /workspace/builds/worker-5/source/Cargo.toml
[INFO] crate git repo https://github.com/eedahl/wr-stats-rust already has a lockfile, it will not be regenerated
[INFO] running `Command { std: "/workspace/cargo-home/bin/cargo" "+af3c6e733a40e671550e0f0f5aeecaa13772ba56" "fetch" "--locked" "--manifest-path" "Cargo.toml", kill_on_drop: false }`
[INFO] running `Command { std: "docker" "create" "-v" "/var/lib/crater-agent-workspace/builds/worker-5/target:/opt/rustwide/target:rw,Z" "-v" "/var/lib/crater-agent-workspace/builds/worker-5/source:/opt/rustwide/workdir:ro,Z" "-v" "/var/lib/crater-agent-workspace/cargo-home:/opt/rustwide/cargo-home:ro,Z" "-v" "/var/lib/crater-agent-workspace/rustup-home:/opt/rustwide/rustup-home:ro,Z" "-e" "SOURCE_DIR=/opt/rustwide/workdir" "-e" "CARGO_TARGET_DIR=/opt/rustwide/target" "-e" "CARGO_HOME=/opt/rustwide/cargo-home" "-e" "RUSTUP_HOME=/opt/rustwide/rustup-home" "-w" "/opt/rustwide/workdir" "-m" "1610612736" "--user" "0:0" "--network" "none" "rustops/crates-build-env@sha256:d92eaeed33fa75130ca1ee6c8a01d1ffb62bac859dfdfb3450e3e5d1c0146529" "/opt/rustwide/cargo-home/bin/cargo" "+af3c6e733a40e671550e0f0f5aeecaa13772ba56" "metadata" "--no-deps" "--format-version=1", kill_on_drop: false }`
[INFO] [stdout] 373b8afdaa4df30876208084090d25590b4cc98bb2766cfebc2d9bf6f4f7687e
[INFO] [stderr] WARNING: Your kernel does not support swap limit capabilities or the cgroup is not mounted. Memory limited without swap.
[INFO] running `Command { std: "docker" "start" "-a" "373b8afdaa4df30876208084090d25590b4cc98bb2766cfebc2d9bf6f4f7687e", kill_on_drop: false }`
[INFO] running `Command { std: "docker" "inspect" "373b8afdaa4df30876208084090d25590b4cc98bb2766cfebc2d9bf6f4f7687e", kill_on_drop: false }`
[INFO] running `Command { std: "docker" "rm" "-f" "373b8afdaa4df30876208084090d25590b4cc98bb2766cfebc2d9bf6f4f7687e", kill_on_drop: false }`
[INFO] [stdout] 373b8afdaa4df30876208084090d25590b4cc98bb2766cfebc2d9bf6f4f7687e
[INFO] running `Command { std: "docker" "create" "-v" "/var/lib/crater-agent-workspace/builds/worker-5/target:/opt/rustwide/target:rw,Z" "-v" "/var/lib/crater-agent-workspace/builds/worker-5/source:/opt/rustwide/workdir:ro,Z" "-v" "/var/lib/crater-agent-workspace/cargo-home:/opt/rustwide/cargo-home:ro,Z" "-v" "/var/lib/crater-agent-workspace/rustup-home:/opt/rustwide/rustup-home:ro,Z" "-e" "SOURCE_DIR=/opt/rustwide/workdir" "-e" "CARGO_TARGET_DIR=/opt/rustwide/target" "-e" "CARGO_INCREMENTAL=0" "-e" "RUST_BACKTRACE=full" "-e" "RUSTFLAGS=--cap-lints=forbid" "-e" "CARGO_HOME=/opt/rustwide/cargo-home" "-e" "RUSTUP_HOME=/opt/rustwide/rustup-home" "-w" "/opt/rustwide/workdir" "-m" "1610612736" "--user" "0:0" "--network" "none" "rustops/crates-build-env@sha256:d92eaeed33fa75130ca1ee6c8a01d1ffb62bac859dfdfb3450e3e5d1c0146529" "/opt/rustwide/cargo-home/bin/cargo" "+af3c6e733a40e671550e0f0f5aeecaa13772ba56" "check" "--frozen" "--all" "--all-targets" "--message-format=json", kill_on_drop: false }`
[INFO] [stdout] 2ca9666cc2f3160fcb06f6e1900394cc67ddd68eb8f27e1d798e1ebb357a59e7
[INFO] [stderr] WARNING: Your kernel does not support swap limit capabilities or the cgroup is not mounted. Memory limited without swap.
[INFO] running `Command { std: "docker" "start" "-a" "2ca9666cc2f3160fcb06f6e1900394cc67ddd68eb8f27e1d798e1ebb357a59e7", kill_on_drop: false }`
[INFO] [stderr]     Checking libc v0.2.41
[INFO] [stderr]     Checking cfg-if v0.1.3
[INFO] [stderr]     Checking futures v0.1.21
[INFO] [stderr]    Compiling cc v1.0.15
[INFO] [stderr]     Checking byteorder v1.2.3
[INFO] [stderr]     Checking lazy_static v1.0.0
[INFO] [stderr]    Compiling pkg-config v0.3.11
[INFO] [stderr]     Checking nodrop v0.1.12
[INFO] [stderr]     Checking slab v0.4.0
[INFO] [stderr]     Checking lazycell v0.6.0
[INFO] [stderr]    Compiling winapi-build v0.1.1
[INFO] [stderr]    Compiling serde v1.0.59
[INFO] [stderr]     Checking bitflags v0.9.1
[INFO] [stderr]     Checking percent-encoding v1.0.1
[INFO] [stderr]     Checking matches v0.1.6
[INFO] [stderr]     Checking winapi v0.2.8
[INFO] [stderr]     Checking unicode-normalization v0.1.7
[INFO] [stderr]     Checking safemem v0.2.0
[INFO] [stderr]    Compiling quote v0.3.15
[INFO] [stderr]     Checking itoa v0.4.1
[INFO] [stderr]     Checking httparse v1.2.4
[INFO] [stderr]     Checking dtoa v0.4.2
[INFO] [stderr]     Checking slab v0.1.3
[INFO] [stderr]     Checking bytes v0.3.0
[INFO] [stderr]     Checking bitflags v1.0.3
[INFO] [stderr]     Checking ucd-util v0.1.1
[INFO] [stderr]    Compiling maud_htmlescape v0.17.0 (https://github.com/lfairy/maud#2455de58)
[INFO] [stderr]    Compiling wr-stats v0.6.3-alpha (/opt/rustwide/workdir)
[INFO] [stderr]     Checking bitflags v0.7.0
[INFO] [stderr]     Checking utf8-ranges v1.0.0
[INFO] [stderr]     Checking log v0.4.1
[INFO] [stderr]     Checking crossbeam-utils v0.3.2
[INFO] [stderr]     Checking encoding_rs v0.7.2
[INFO] [stderr]     Checking arrayvec v0.4.7
[INFO] [stderr]    Compiling synom v0.11.3
[INFO] [stderr]     Checking unicode-bidi v0.3.4
[INFO] [stderr]    Compiling proc-macro2 v0.4.3
[INFO] [stderr]    Compiling kernel32-sys v0.2.2
[INFO] [stderr]    Compiling ws2_32-sys v0.2.1
[INFO] [stderr]     Checking walkdir v2.1.4
[INFO] [stderr]     Checking base64 v0.9.1
[INFO] [stderr]     Checking regex-syntax v0.6.0
[INFO] [stderr]     Checking net2 v0.2.32
[INFO] [stderr]     Checking iovec v0.1.2
[INFO] [stderr]     Checking rand v0.4.2
[INFO] [stderr]     Checking num_cpus v1.8.0
[INFO] [stderr]     Checking time v0.1.40
[INFO] [stderr]     Checking memchr v2.0.1
[INFO] [stderr]     Checking nix v0.5.1
[INFO] [stderr]     Checking filetime v0.1.15
[INFO] [stderr]     Checking inotify v0.3.0
[INFO] [stderr]    Compiling maud_macros v0.17.4 (https://github.com/lfairy/maud#2455de58)
[INFO] [stdout] error[E0557]: feature has been removed
[INFO] [stdout]  --> /opt/rustwide/cargo-home/git/checkouts/maud-588f745ae3a2d730/2455de5/maud_macros/src/lib.rs:2:12
[INFO] [stdout]   |
[INFO] [stdout] 2 | #![feature(proc_macro_non_items)]
[INFO] [stdout]   |            ^^^^^^^^^^^^^^^^^^^^ feature has been removed
[INFO] [stdout]   |
[INFO] [stdout]   = note: subsumed by `#![feature(proc_macro_hygiene)]`
[INFO] [stdout] 
[INFO] [stdout] 
[INFO] [stderr]     Checking thread_local v0.3.5
[INFO] [stdout] error[E0658]: use of unstable library feature 'proc_macro_quote'
[INFO] [stdout]   --> /opt/rustwide/cargo-home/git/checkouts/maud-588f745ae3a2d730/2455de5/maud_macros/src/generate.rs:68:21
[INFO] [stdout]    |
[INFO] [stdout] 68 |                     quote!($head $body)
[INFO] [stdout]    |                     ^^^^^
[INFO] [stdout]    |
[INFO] [stdout]    = note: see issue #54722 <https://github.com/rust-lang/rust/issues/54722> for more information
[INFO] [stdout]    = help: add `#![feature(proc_macro_quote)]` to the crate attributes to enable
[INFO] [stdout] 
[INFO] [stdout] 
[INFO] [stdout] error[E0658]: use of unstable library feature 'proc_macro_quote'
[INFO] [stdout]   --> /opt/rustwide/cargo-home/git/checkouts/maud-588f745ae3a2d730/2455de5/maud_macros/src/generate.rs:84:9
[INFO] [stdout]    |
[INFO] [stdout] 84 |         quote!({
[INFO] [stdout]    |         ^^^^^
[INFO] [stdout]    |
[INFO] [stdout]    = note: see issue #54722 <https://github.com/rust-lang/rust/issues/54722> for more information
[INFO] [stdout]    = help: add `#![feature(proc_macro_quote)]` to the crate attributes to enable
[INFO] [stdout] 
[INFO] [stdout] 
[INFO] [stdout] error[E0658]: use of unstable library feature 'proc_macro_quote'
[INFO] [stdout]    --> /opt/rustwide/cargo-home/git/checkouts/maud-588f745ae3a2d730/2455de5/maud_macros/src/generate.rs:141:25
[INFO] [stdout]     |
[INFO] [stdout] 141 |                         quote!($head { $body })
[INFO] [stdout]     |                         ^^^^^
[INFO] [stdout]     |
[INFO] [stdout]     = note: see issue #54722 <https://github.com/rust-lang/rust/issues/54722> for more information
[INFO] [stdout]     = help: add `#![feature(proc_macro_quote)]` to the crate attributes to enable
[INFO] [stdout] 
[INFO] [stdout] 
[INFO] [stdout] error[E0658]: use of unstable library feature 'proc_macro_quote'
[INFO] [stdout]    --> /opt/rustwide/cargo-home/git/checkouts/maud-588f745ae3a2d730/2455de5/maud_macros/src/generate.rs:150:9
[INFO] [stdout]     |
[INFO] [stdout] 150 |         quote!($head $body)
[INFO] [stdout]     |         ^^^^^
[INFO] [stdout]     |
[INFO] [stdout]     = note: see issue #54722 <https://github.com/rust-lang/rust/issues/54722> for more information
[INFO] [stdout]     = help: add `#![feature(proc_macro_quote)]` to the crate attributes to enable
[INFO] [stdout] 
[INFO] [stdout] 
[INFO] [stdout] error[E0658]: use of unstable library feature 'proc_macro_quote'
[INFO] [stdout]    --> /opt/rustwide/cargo-home/git/checkouts/maud-588f745ae3a2d730/2455de5/maud_macros/src/generate.rs:218:5
[INFO] [stdout]     |
[INFO] [stdout] 218 |     quote!(if $cond)
[INFO] [stdout]     |     ^^^^^
[INFO] [stdout]     |
[INFO] [stdout]     = note: see issue #54722 <https://github.com/rust-lang/rust/issues/54722> for more information
[INFO] [stdout]     = help: add `#![feature(proc_macro_quote)]` to the crate attributes to enable
[INFO] [stdout] 
[INFO] [stdout] 
[INFO] [stdout] error[E0658]: use of unstable library feature 'proc_macro_quote'
[INFO] [stdout]    --> /opt/rustwide/cargo-home/git/checkouts/maud-588f745ae3a2d730/2455de5/maud_macros/src/generate.rs:269:13
[INFO] [stdout]     |
[INFO] [stdout] 269 |             quote!($output_ident.push_str($string);)
[INFO] [stdout]     |             ^^^^^
[INFO] [stdout]     |
[INFO] [stdout]     = note: see issue #54722 <https://github.com/rust-lang/rust/issues/54722> for more information
[INFO] [stdout]     = help: add `#![feature(proc_macro_quote)]` to the crate attributes to enable
[INFO] [stdout] 
[INFO] [stdout] 
[INFO] [stdout] error[E0658]: use of unstable library feature 'proc_macro_quote'
[INFO] [stdout]   --> /opt/rustwide/cargo-home/git/checkouts/maud-588f745ae3a2d730/2455de5/maud_macros/src/lib.rs:47:5
[INFO] [stdout]    |
[INFO] [stdout] 47 |     quote!({
[INFO] [stdout]    |     ^^^^^
[INFO] [stdout]    |
[INFO] [stdout]    = note: see issue #54722 <https://github.com/rust-lang/rust/issues/54722> for more information
[INFO] [stdout]    = help: add `#![feature(proc_macro_quote)]` to the crate attributes to enable
[INFO] [stdout] 
[INFO] [stdout] 
[INFO] [stdout] error[E0658]: use of unstable library feature 'proc_macro_quote'
[INFO] [stdout]   --> /opt/rustwide/cargo-home/git/checkouts/maud-588f745ae3a2d730/2455de5/maud_macros/src/lib.rs:20:5
[INFO] [stdout]    |
[INFO] [stdout] 20 | use proc_macro::quote;
[INFO] [stdout]    |     ^^^^^^^^^^^^^^^^^
[INFO] [stdout]    |
[INFO] [stdout]    = note: see issue #54722 <https://github.com/rust-lang/rust/issues/54722> for more information
[INFO] [stdout]    = help: add `#![feature(proc_macro_quote)]` to the crate attributes to enable
[INFO] [stdout] 
[INFO] [stdout] 
[INFO] [stdout] error[E0658]: use of unstable library feature 'proc_macro_quote'
[INFO] [stdout]  --> /opt/rustwide/cargo-home/git/checkouts/maud-588f745ae3a2d730/2455de5/maud_macros/src/generate.rs:6:5
[INFO] [stdout]   |
[INFO] [stdout] 6 |     quote,
[INFO] [stdout]   |     ^^^^^
[INFO] [stdout]   |
[INFO] [stdout]   = note: see issue #54722 <https://github.com/rust-lang/rust/issues/54722> for more information
[INFO] [stdout]   = help: add `#![feature(proc_macro_quote)]` to the crate attributes to enable
[INFO] [stdout] 
[INFO] [stdout] 
[INFO] [stderr]     Checking log v0.3.9
[INFO] [stderr]    Compiling syn v0.11.11
[INFO] [stdout] error[E0658]: use of unstable library feature 'proc_macro_def_site'
[INFO] [stdout]   --> /opt/rustwide/cargo-home/git/checkouts/maud-588f745ae3a2d730/2455de5/maud_macros/src/lib.rs:37:69
[INFO] [stdout]    |
[INFO] [stdout] 37 |     let output_ident = TokenTree::Ident(Ident::new("__maud_output", Span::def_site()));
[INFO] [stdout]    |                                                                     ^^^^^^^^^^^^^^
[INFO] [stdout]    |
[INFO] [stdout]    = note: see issue #54724 <https://github.com/rust-lang/rust/issues/54724> for more information
[INFO] [stdout]    = help: add `#![feature(proc_macro_def_site)]` to the crate attributes to enable
[INFO] [stdout] 
[INFO] [stdout] 
[INFO] [stdout] error[E0658]: use of unstable library feature 'proc_macro_span'
[INFO] [stdout]    --> /opt/rustwide/cargo-home/git/checkouts/maud-588f745ae3a2d730/2455de5/maud_macros/src/generate.rs:226:32
[INFO] [stdout]     |
[INFO] [stdout] 226 |             Some(span) => span.join(token.span()).unwrap_or(span),
[INFO] [stdout]     |                                ^^^^
[INFO] [stdout]     |
[INFO] [stdout]     = note: see issue #54725 <https://github.com/rust-lang/rust/issues/54725> for more information
[INFO] [stdout]     = help: add `#![feature(proc_macro_span)]` to the crate attributes to enable
[INFO] [stdout] 
[INFO] [stdout] 
[INFO] [stdout] error[E0658]: use of unstable library feature 'proc_macro_def_site'
[INFO] [stdout]    --> /opt/rustwide/cargo-home/git/checkouts/maud-588f745ae3a2d730/2455de5/maud_macros/src/generate.rs:228:25
[INFO] [stdout]     |
[INFO] [stdout] 228 |         .unwrap_or_else(Span::def_site)
[INFO] [stdout]     |                         ^^^^^^^^^^^^^^
[INFO] [stdout]     |
[INFO] [stdout]     = note: see issue #54724 <https://github.com/rust-lang/rust/issues/54724> for more information
[INFO] [stdout]     = help: add `#![feature(proc_macro_def_site)]` to the crate attributes to enable
[INFO] [stdout] 
[INFO] [stdout] 
[INFO] [stdout] error[E0658]: use of unstable library feature 'proc_macro_span'
[INFO] [stdout]    --> /opt/rustwide/cargo-home/git/checkouts/maud-588f745ae3a2d730/2455de5/maud_macros/src/parse.rs:344:61
[INFO] [stdout]     |
[INFO] [stdout] 344 | ...                   if let Some(bigger_span) = span.join(token.span()) {
[INFO] [stdout]     |                                                       ^^^^
[INFO] [stdout]     |
[INFO] [stdout]     = note: see issue #54725 <https://github.com/rust-lang/rust/issues/54725> for more information
[INFO] [stdout]     = help: add `#![feature(proc_macro_span)]` to the crate attributes to enable
[INFO] [stdout] 
[INFO] [stdout] 
[INFO] [stdout] error: aborting due to 14 previous errors
[INFO] [stdout] 
[INFO] [stdout] 
[INFO] [stdout] Some errors have detailed explanations: E0557, E0658.
[INFO] [stdout] 
[INFO] [stdout] For more information about an error, try `rustc --explain E0557`.
[INFO] [stdout] 
[INFO] [stderr] error: could not compile `maud_macros`.
[INFO] [stderr] 
[INFO] [stderr] To learn more, run the command again with --verbose.
[INFO] [stderr] warning: build failed, waiting for other jobs to finish...
[INFO] [stderr] error: build failed
[INFO] running `Command { std: "docker" "inspect" "2ca9666cc2f3160fcb06f6e1900394cc67ddd68eb8f27e1d798e1ebb357a59e7", kill_on_drop: false }`
[INFO] running `Command { std: "docker" "rm" "-f" "2ca9666cc2f3160fcb06f6e1900394cc67ddd68eb8f27e1d798e1ebb357a59e7", kill_on_drop: false }`
[INFO] [stdout] 2ca9666cc2f3160fcb06f6e1900394cc67ddd68eb8f27e1d798e1ebb357a59e7
